 27636 and 78.
6
What is the highest common factor of 3644 and 18?
2
Calculate the greatest common factor of 7002828 and 7.
7
Calculate the highest common divisor of 1295 and 455.
35
What is the greatest common divisor of 2016 and 117432?
504
Calculate the highest common factor of 310 and 3380.
10
What is the highest common factor of 16 and 12948?
4
Calculate the greatest common divisor of 115968 and 184.
8
What is the highest common factor of 160 and 1022180?
20
What is the highest common factor of 63784 and 40?
8
What is the greatest common factor of 192 and 547296?
96
What is the highest common factor of 4752 and 48492?
108
What is the highest common divisor of 40 and 122776?
8
Calculate the highest common divisor of 440 and 261316.
44
What is the greatest common factor of 57886 and 3914?
206
Calculate the highest common divisor of 742 and 251167.
371
Calculate the highest common factor of 440648 and 234.
26
What is the highest common factor of 110279 and 68?
17
Calculate the greatest common factor of 5604 and 1848.
12
Calculate the highest common divisor of 7317 and 297.
27
What is the greatest common divisor of 9171 and 288?
9
What is the highest common factor of 5106 and 2886?
222
Calculate the highest common divisor of 81333 and 126.
63
Calculate the highest common divisor of 951460 and 60.
20
Calculate the greatest common factor of 290075 and 37925.
1025
Calculate the highest common divisor of 26 and 8366.
2
Calculate the greatest common factor of 1200 and 34104.
24
Calculate the greatest common divisor of 16 and 101944.
8
What is the highest common factor of 468 and 117156?
156
Calculate the greatest common divisor of 23706 and 54436.
878
Calculate the greatest common divisor of 32400 and 15300.
900
Calculate the greatest common divisor of 105390 and 90.
90
Calculate the greatest common divisor of 4829710 and 60.
10
Calculate the greatest common factor of 500 and 118970.
10
What is the highest common divisor of 990 and 13750?
110
What is the highest common divisor of 74768 and 48?
16
Calculate the highest common factor of 132 and 914001.
33
Calculate the highest common factor of 32 and 2490400.
32
Calculate the highest common factor of 10 and 2486.
2
Calculate the highest common divisor of 13 and 3863743.
13
Calculate the highest common divisor of 378 and 16254.
378
What is the highest common factor of 9 and 4409253?
9
Calculate the highest common divisor of 476740 and 15.
5
Calculate the highest common divisor of 17 and 343723.
17
What is the highest common divisor of 350 and 5120?
10
What is the greatest common factor of 576 and 17344?
64
Calculate the highest common divisor of 150 and 89025.
75
What is the highest common divisor of 12 and 144546?
6
What is the highest common factor of 960 and 576?
192
What is the greatest common divisor of 10439 and 35113?
949
What is the highest common factor of 375 and 9915?
15
Calculate the highest common divisor of 9342 and 56571.
519
What is the greatest common factor of 50 and 98275?
25
Calculate the highest common divisor of 70 and 214662.
14
What is the greatest common factor of 3157 and 2296?
287
What is the greatest common divisor of 3508 and 40?
4
Calculate the highest common factor of 138 and 1386118.
46
What is the highest common divisor of 531770 and 1435?
205
Calculate the greatest common factor of 40 and 395370.
10
What is the greatest common divisor of 198 and 195514?
22
Calculate the highest common divisor of 952 and 1778.
14
What is the greatest common factor of 57113 and 398?
199
What is the highest common factor of 6998835 and 915?
915
What is the highest common divisor of 54 and 197514?
18
What is the greatest common factor of 11256 and 6097?
469
Calculate the greatest common factor of 18400 and 1650.
50
Calculate the greatest common divisor of 1711 and 11151.
59
Calculate the greatest common factor of 110096 and 59963.
983
What is the highest common divisor of 544557 and 143?
13
Calculate the highest common factor of 29298 and 152.
38
Calculate the highest common divisor of 368 and 141956.
92
Calculate the greatest common divisor of 4059 and 50391.
99
Calculate the greatest common divisor of 20305 and 2635.
155
Calculate the highest common divisor of 31 and 3152297.
31
What is the highest common divisor of 835200 and 10?
10
Calculate the highest common divisor of 14873 and 749.
107
What is the highest common divisor of 55 and 239129?
11
Calculate the highest common factor of 2057 and 102.
17
What is the greatest common factor of 232730 and 510?
170
Calculate the greatest common factor of 25 and 7495.
5
Calculate the highest common factor of 5865 and 5.
5
Calculate the greatest common divisor of 448 and 40418.
14
Calculate the highest common divisor of 219325 and 124.
31
What is the greatest common factor of 702 and 586521?
351
Calculate the greatest common factor of 1980 and 155700.
180
What is the highest common divisor of 513490 and 10?
10
Calculate the highest common factor of 4928 and 1034.
22
What is the highest common factor of 5563 and 51?
1
What is the greatest common factor of 448 and 82208?
224
What is the greatest common factor of 9936 and 2032?
16
What is the greatest common divisor of 48 and 261126?
6
Calculate the highest common divisor of 62468 and 54999.
679
Calculate the greatest common factor of 291 and 58588.
97
What is the highest common divisor of 22946 and 154?
154
What is the greatest common divisor of 711 and 370431?
711
Calculate the highest common divisor of 3 and 39363.
3
What is the greatest common divisor of 5 and 53985?
5
Calculate the greatest common divisor of 16 and 117376.
16
What is the greatest common factor of 14 and 88767?
7
Calculate the greatest common divisor of 20481 and 9.
3
What is the greatest common divisor of 885 and 5100?
15
Calculate the greatest common divisor of 27952 and 389581.
1747
Calculate the highest common divisor of 16 and 5456.
16
What is the greatest common factor of 84458 and 349?
349
What is the greatest common factor of 13 and 4799353?
13
What is the highest common factor of 191059 and 484?
121
What is the highest common factor of 291 and 823045?
97
What is the greatest common divisor of 27 and 219033?
9
Calculate the highest common factor of 186 and 3035892.
186
Calculate the greatest common factor of 3678 and 6582.
6
Calculate the greatest common divisor of 42489 and 477.
9
Calculate the greatest common factor of 117468 and 207.
9
What is the highest common divisor of 1296 and 4698?
162
Calculate the greatest common divisor of 50 and 21600.
50
What is the greatest common divisor of 595012 and 396?
44
Calculate the greatest common factor of 3696 and 8316.
924
Calculate the highest common factor of 330 and 24090.
330
What is the highest common factor of 55977 and 141?
141
Calculate the highest common factor of 9542 and 4134.
26
What is the highest common factor of 849321 and 121?
11
Calculate the highest common divisor of 2488960 and 640.
640
What is the highest common divisor of 3348 and 18198?
54
Calculate the highest common factor of 215 and 6005.
5
Calculate the greatest common factor of 4864 and 374984.
152
Calculate the highest common factor of 64972 and 9176.
148
What is the highest common divisor of 1115808 and 708?
708
Calculate the highest common divisor of 43977 and 20544.
321
What is the highest common divisor of 724530 and 14?
2
Calculate the greatest common factor of 45 and 11838195.
45
What is the greatest common factor of 3948 and 100956?
564
Calculate the greatest common divisor of 1539548 and 3342.
1114
What is the greatest common divisor of 1029 and 56301?
147
Calculate the highest common factor of 942149 and 11362.
299
What is the highest common factor of 46 and 513314?
46
Calculate the highest common factor of 348 and 648564.
12
What is the greatest common divisor of 149028 and 264?
132
What is the highest common divisor of 168 and 7602?
42
Calculate the greatest common divisor of 702 and 8411.
13
What is the greatest common divisor of 109237 and 349?
349
Calculate the greatest common factor of 1482 and 9234.
114
What is the highest common factor of 4237362 and 5436?
2718
Calculate the highest common factor of 1070065 and 85.
85
Calculate the greatest common divisor of 1498 and 8774.
214